re the prime factors of 1588750060?
2, 5, 1553, 51151
What are the prime factors of 276682993?
547, 505819
List the prime factors of 922241319.
3, 307413773
List the prime factors of 2307916327.
601, 3840127
What are the prime factors of 66356633?
7, 23, 97, 607
What are the prime factors of 1641596366?
2, 820798183
List the prime factors of 19608667.
13, 17, 83, 1069
What are the prime factors of 92278430?
2, 5, 43, 67, 3203
What are the prime factors of 142671671?
1997, 71443
List the prime factors of 672275425.
5, 26891017
What are the prime factors of 257013363?
3, 73, 139, 8443
What are the prime factors of 42766313?
42766313
List the prime factors of 120080328.
2, 3, 73, 68539
List the prime factors of 185244869.
17, 353, 30869
List the prime factors of 32087075.
5, 17, 103, 733
List the prime factors of 165312979.
13, 127, 100129
List the prime factors of 723045823.
37, 19541779
List the prime factors of 26660420.
2, 5, 17, 19, 4127
List the prime factors of 53438833.
7, 7634119
What are the prime factors of 20510890?
2, 5, 313, 6553
List the prime factors of 1597140944.
2, 7, 14260187
List the prime factors of 313329554.
2, 156664777
What are the prime factors of 3783856?
2, 173, 1367
List the prime factors of 487049244.
2, 3, 11, 467, 7901
List the prime factors of 44827380.
2, 3, 5, 13, 19157
What are the prime factors of 33504554?
2, 16752277
What are the prime factors of 608694501?
3, 113, 1795559
List the prime factors of 682143336.
2, 3, 7, 29, 47, 331
List the prime factors of 1505098281.
3, 17, 19, 1553249
What are the prime factors of 289900752?
2, 3, 1823, 3313
What are the prime factors of 409815806?
2, 797, 257099
List the prime factors of 2579034013.
2579034013
List the prime factors of 876505323.
3, 67, 641, 6803
List the prime factors of 151609827.
3, 47, 61, 17627
What are the prime factors of 1154382?
2, 3, 421, 457
List the prime factors of 238409585.
5, 47681917
List the prime factors of 294363137.
29, 10150453
What are the prime factors of 3423350385?
3, 5, 7, 13, 29, 3203
What are the prime factors of 304612839?
3, 29, 563, 691
What are the prime factors of 221570807?
221570807
What are the prime factors of 191065756?
2, 7, 6823777
What are the prime factors of 167929149?
3, 2161, 25903
What are the prime factors of 1196184241?
7, 4523, 37781
List the prime factors of 102897914.
2, 7, 2441, 3011
What are the prime factors of 444087604?
2, 199, 557899
What are the prime factors of 28841525?
5, 19, 60719
What are the prime factors of 763874526?
2, 3, 41, 3105181
What are the prime factors of 126927657?
3, 19, 727, 1021
List the prime factors of 561903765.
3, 5, 37460251
What are the prime factors of 71868802?
2, 3023, 11887
List the prime factors of 928621433.
2293, 404981
List the prime factors of 960433683.
3, 11, 17, 59, 29017
List the prime factors of 15721809.
3, 5240603
What are the prime factors of 527387717?
31, 601, 28307
List the prime factors of 4431172184.
2, 10687, 51829
List the prime factors of 557527238.
2, 278763619
What are the prime factors of 79532978?
2, 7, 811561
What are the prime factors of 222757707?
3, 74252569
List the prime factors of 160297677.
3, 1877, 3163
List the prime factors of 158202741.
3, 52734247
List the prime factors of 600180855.
3, 5, 113, 317, 1117
What are the prime factors of 688412351?
11, 19, 3293839
What are the prime factors of 447283881?
3, 11, 37339
What are the prime factors of 10702455?
3, 5, 713497
List the prime factors of 318603475.
5, 23, 24091
What are the prime factors of 144819527?
9461, 15307
What are the prime factors of 452386956?
2, 3, 7, 1931, 2789
What are the prime factors of 192919376?
2, 13, 927497
What are the prime factors of 3015361647?
3, 37226687
What are the prime factors of 419987242?
2, 209993621
What are the prime factors of 3528531683?
23, 12119, 12659
What are the prime factors of 2519649?
3, 11, 31, 821
What are the prime factors of 163063724?
2, 41, 24251
List the prime factors of 43222454.
2, 11, 19, 53, 1951
What are the prime factors of 9653169?
3, 23, 139901
What are the prime factors of 32783535?
3, 5, 61, 1327
What are the prime factors of 5448126808?
2, 9311, 73141
What are the prime factors of 1008757296?
2, 3, 43, 101, 1613
What are the prime factors of 110924962?
2, 61, 379, 2399
List the prime factors of 1927838543.
383, 503, 10007
List the prime factors of 742802219.
15559, 47741
List the prime factors of 2511647.
79, 31793
What are the prime factors of 156974123?
43, 3650561
What are the prime factors of 119612848?
2, 71, 1483
List the prime factors of 1400525370.
2, 3, 5, 5187131
List the prime factors of 246705977.
7, 35243711
What are the prime factors of 42122153?
97, 434249
List the prime factors of 3439631064.
2, 3, 179, 800659
What are the prime factors of 950811193?
12239, 77687
List the prime factors of 594738023.
11, 617, 87629
What are the prime factors of 92864679?
3, 30954893
List the prime factors of 50663101.
19, 37, 3793
What are the prime factors of 1883298529?
7, 599, 449153
List the prime factors of 199108887.
3, 73, 909173
What are the prime factors of 1033953844?
2, 7, 11, 3356993
What are the prime factors of 330705355?
5, 19, 3481109
List the prime factors of 103033350.
2, 3, 5, 7, 10903
List the prime factors of 1101244480.
2, 5, 7, 491627
What are the prime factors of 1596598626?
2, 3, 7, 157, 242129
List the prime factors of 86862684.
2, 3, 1297, 5581
What are the prime factors of 608261038?
2, 7, 11, 313, 12619
List the prime factors of 50889838.
2, 29, 877411
List the prime factors of 240835556.
2, 13, 4631453
List the prime factors of 4259729.
4259729
List the prime factors of 2663936473.
11, 43, 5632001
List the prime factors of 1230759375.
3, 5, 53, 2477
What are the prime factors of 191442000?
2, 3, 5, 31907
List the prime factors of 250087672.
2, 1931, 16189
List the prime factors of 88186382.
2, 31, 47, 53, 571
What are the prime factors of 1401001799?
1401001799
List the prime factors of 687882135.
3, 5, 17, 107, 1483
What are the prime factors of 462619729?
11, 13, 457, 7079
What are the prime factors of 2643599803?
13, 31, 6559801
List the prime factors of 132936647.
132936647
List the prime factors of 50591719.
1741, 29059
List the prime factors of 41285776.
2, 7, 61, 6043
List the prime factors of 226643066.
2, 13, 8717041
List the prime factors of 304453790.
2, 5, 31, 373, 2633
List the prime factors of 429896212.
2, 1069, 100537
What are the prime factors of 13508434?
2, 41, 257, 641
List the prime factors of 447746065.
5, 13, 37, 14321
What are the prime factors of 1162007083?
157, 7401319
What are the prime factors of 1402369471?
139, 2707, 3727
What are the prime factors of 3753043686?
2, 3, 7, 307, 32341
What are the prime factors of 34961613?
3, 97, 317, 379
What are the prime factors of 299302639?
79, 89, 42569
List the prime factors of 1003088285.
5, 200617657
List the prime factors of 4299689066.
2, 61, 35243353
What are the prime factors of 276146981?
11, 25104271
What are the prime factors of 2475786289?
29, 5851, 14591
List the prime factors of 50808957.
3, 29, 584011
What are the prime factors of 721396432?
2, 283, 159319
What are the prime factors of 47536712?
2, 37, 41, 3917
What are the prime factors of 107348938?
2, 53674469
What are the prime factors of 239513230?
2, 5, 11, 617, 3529
What are the prime factors of 151364231?
5261, 28771
List the prime factors of 2547233708.
2, 19, 33516233
What are the prime factors of 1144549257?
3, 53, 7198423
List the prime factors of 4254900162.
2, 3, 859, 825553
List the prime factors of 1394747159.
13, 8581, 12503
What are the prime factors of 31296604?
2, 43, 181957
List the prime factors of 131540630.
2, 5, 13, 151, 6701
List the prime factors of 29344835.
5, 13, 19, 23761
What are the prime factors of 1036297583?
1036297583
What are the prime factors of 68310908?
2, 59, 289453
List the prime factors of 718612853.
7, 37, 2774567
List the prime factors of 55876984.
2, 47, 148609
List the prime factors of 211617056.
2, 7, 167, 5657
List the prime factors of 557062337.
13, 42850949
What are the prime factors of 33350500?
2, 5, 66701
List the prime factors of 10859966.
2, 13, 417691
List the prime factors of 119636109.
3, 14